common divisor of k and c.
23
Suppose 7 = -19*t + 64. Let j = 21 - 8. What is the greatest common factor of t and j?
1
Suppose 340 = 12*d - 5576. Let z = d - 243. What is the highest common factor of z and 100?
50
Suppose d - 13 = -7 - 5. Let g = -3 - -8. Suppose -g = -c + 3. What is the greatest common divisor of d and c?
1
Let g be 30/18*18/5. Let a(y) = -6 - y - g*y - 5 - 4 + 2*y**2. Let o be a(10). Calculate the greatest common factor of o and 46.
23
Let i be (64/(-96))/(2/162). Let z be (-9513)/i + (-3)/18. What is the highest common factor of 77 and z?
11
Suppose 97*i - 17350 - 65003 = 0. What is the greatest common factor of i and 9?
3
Let t(q) = 3*q + 7. Let d be t(6). Let h = -198 - -269. Suppose -n + h = -29. What is the highest common factor of n and d?
25
Suppose -5*t + 2387 = 2*m, -3*m = 302*t - 297*t - 3583. What is the greatest common divisor of 1656 and m?
92
Let b = 20 - 13. Suppose -b*g + 6 = -15. Let h be 21*g/(18/50). Calculate the greatest common divisor of 25 and h.
25
Let w = 3955 - 3871. What is the greatest common divisor of w and 91?
7
Let v be (2/(18/(-185)) - 8/(-36))*-3. Calculate the highest common divisor of v and 5429.
61
Let m = 150 - 86. Suppose 38 = 6*o - m. Calculate the greatest common factor of 68 and o.
17
Let s be 1/(-3) - 228068/(-222). What is the highest common divisor of 553 and s?
79
Suppose 65*y + 300807 - 1069892 = 191875. Calculate the greatest common factor of 66 and y.
66
Let y(c) = -32*c**3 - 41*c**2 - 150*c - 4. Let x be y(-4). Calculate the greatest common factor of x and 224.
28
Let m be 3/7 + 5313/(-49). Let n = m - -118. What is the highest common factor of n and 20?
10
Suppose -2*n + 22 = -2*a + 3*n, 4 = n. Let w = a + 2. Suppose -3722 = -264*o + 1294. What is the highest common divisor of w and o?
1
Suppose -26*n + 24*n = 0. Suppose -4*f = -12 - n. Suppose 48 = 3*a + f*l, -4*a - l + 2*l = -74. Calculate the greatest common divisor of 144 and a.
18
Let g(j) = -2*j**3 - 42*j**2 - 7*j - 141. Let d be g(-21). Let t be ((-24)/10)/((-2)/10). Calculate the highest common divisor of t and d.
6
Let v(z) = -13*z - 105. Let o = 293 + -313. Let r be v(o). What is the highest common factor of r and 31?
31
Let h be (-2)/(7 - (-5339)/(-760)). What is the highest common divisor of 1940 and h?
20
Let g(r) = 26*r**2 + 70*r + 12. Let w be g(-14). Suppose -12*a = 31*a - w. Calculate the greatest common divisor of a and 64.
32
Let u be 0 + -8 + ((-76500)/1200)/(5/(-36)). Suppose 6*h - 107 = -2*t + h, -31 = -t + 2*h. Calculate the highest common divisor of u and t.
41
Let c = -13071 - -13079. Calculate the highest common factor of c and 1028.
4
Let c = -5906 + 8953. Let n = c + -1463. Calculate the greatest common factor of n and 99.
99
Suppose 3*i + 99 = -852. Let a = -125 - i. What is the greatest common factor of 128 and a?
64
Suppose -4*c + 1721 = -k + 6396, c + 4681 = k. What is the highest common divisor of k and 21?
21
Let a be 20/(-30) + 38/3 + 0. Suppose 57 = s + a. Suppose 3*i - 155 = 5*x, -i + 4 + s = x. What is the highest common factor of i and 20?
10
Suppose -4*j = -4*v - 24836, j + 30995 = 6*j + 5*v. Calculate the greatest common divisor of 376 and j.
188
Let i(c) = c + 29. Let h be -1 + (-3)/(-1) - 0/(-3). Suppose -g - 4*o - 46 = h*g, o + 57 = -4*g. Let y be i(g). What is the highest common factor of y and 15?
15
Suppose 1340*m = 1342*m + 5*k - 405, -5*m - 4*k = -1021. Suppose -3*y + 283 + 57 = 4*g, 5*g - 4*y - 394 = 0. Calculate the greatest common divisor of m and g.
41
Let m be 1539/4 - (-4)/16. Let d(r) = -22*r - 12*r + 23 + 16 + 6 - 10. Let o be d(0). What is the highest common divisor of o and m?
35
Let u be 612/(-60)*(-5)/1. Let k = 170 - u. Let r be k - 4/(-2 - 2). What is the highest common divisor of 15 and r?
15
Let u be 10 + 0/((-12)/(-4)). Suppose 7*q - u*q = -6. Suppose 5*t - 24 - 48 = -4*v, -q*t = -v + 5. What is the greatest common divisor of v and 117?
13
Suppose -2*y - z + 17 = 0, 0*y - 2*z + 23 = 3*y. Let n be 429/12 + 0 + 16/64. Suppose -286 = -n*x + 34*x. Calculate the highest common factor of y and x.
11
Let m(k) = 4*k + 28. Let v be m(-6). Suppose -3*t - v*y = -23, -4*t = -2*t - 2*y - 20. Suppose -1018 = -t*c - 46. What is the highest common factor of c and 12?
12
Let v be (-11 + 1)/5*(-774 - (-4 - -6)). Calculate the highest common factor of 32 and v.
16
Let t be 7 - (-2)/(-6)*0. Suppose 58 = 7*l - 61. Suppose -3*i + 0*r = 2*r - l, -4*i = 2*r - 24. What is the greatest common factor of t and i?
7
Let n(o) = -o**3 - 13*o**2 - 26*o - 16. Let p be n(-11). Let i be 12/3*-1 + p. What is the greatest common factor of 96 and i?
24
Let y(q) = 66*q - 1167. Let j be y(67). Calculate the greatest common divisor of 420 and j.
105
Let i be 5307/69 - 94/(-1081). What is the greatest common factor of 1603 and i?
7
Let n be 8/(-44) + 24/132. Suppose -2*m - 3*m - 20 = -5*s, n = s - 5*m - 8. Calculate the greatest common factor of s and 141.
3
Suppose 3*w + 18 = 33. Let m(v) = -v**3 + 5*v**2 + 5*v + 5. Let z be m(w). What is the highest common factor of 15 and z?
15
Let q = -16341 - -16815. Calculate the highest common divisor of q and 6.
6
Let v = 64 + 41. Suppose 4*f + 0*f - 6*f = -150. Calculate the highest common divisor of v and f.
15
Let x be (12 + 375/(-30))*10*-3. What is the greatest common divisor of x and 240?
15
Let p(r) = 341*r + 63. Let t be p(2). Suppose -33*a + t = -575. Calculate the greatest common factor of 460 and a.
20
Suppose 820*a - 817*a - 18 = 0. Suppose -a*o + o - 130 = -4*g, 0 = -4*g - 2*o + 144. Calculate the highest common factor of 45 and g.
5
Let z(b) = -b**2 - b + 14. Let f be z(0). Let o(s) = 2*s - 15. Let j be o(f). Let w = 51 - j. What is the highest common factor of 95 and w?
19
Let c(r) = 11*r - 20. Let f be c(3). Let t(m) = 13*m. Let w be 11/(21/(-14)*(-4)/6). Let b be t(w). What is the highest common factor of f and b?
13
Let x = 24802 - 17563. Calculate the highest common factor of 171 and x.
57
Let v(o) = -o**3 - 18*o**2 + 20. Let y be v(-18). Suppose 0*u + 108 = 4*u + 4*s, -2*s - 26 = -2*u. Calculate the greatest common factor of y and u.
20
Let x(u) = -u**3 - 15*u**2 - 17*u - 33. Suppose 314*v + 98 = 307*v. Let i be x(v). Suppose 0*s - 99 = -s. What is the greatest common divisor of i and s?
9
Suppose 0 = 3*c + 14 - 32. Let k be 2/(12 - c)*3. What is the highest common factor of 8 and k?
1
Let n be ((-535)/(-214))/((-15)/(-36852)). Calculate the highest common divisor of n and 74.
74
Let v = 451 + -395. What is the greatest common divisor of 2730 and v?
14
Let x = 10848 + -9931. What is the highest common factor of 524 and x?
131
Let f = 182 + -154. Suppose 4259 - 1571 = f*o. Calculate the greatest common factor of 40 and o.
8
Suppose -17*w - 9 + 43 = 0. Suppose -7*v + 2*v + u + 330 = 0, 0 = -w*u - 10. Calculate the greatest common factor of v and 20.
5
Suppose -33*k - 974 = -36*k + 5*n, 3*n - 6 = 0. Calculate the highest common factor of k and 40.
8
Let p(o) = -o**2 - o + 116. Let k be p(-10). What is the greatest common divisor of k and 62?
2
Let t be -1*(0 + 1)*-3. Suppose 3*m + 57 = p, t*p - 150 = 3*m - m. Let f be ((-13)/((-104)/(-40)))/(5/(-6)). Calculate the greatest common factor of f and p.
6
Let i be ((-6)/(-5))/((-8)/(-380)). Let c = -57 + i. Let n be c/(-10) + (-16)/(-2) - -3. What is the highest common factor of n and 66?
11
Suppose 4*o - 2*h = -361 + 4253, 0 = 3*o - 5*h - 2926. What is the greatest common factor of o and 1?
1
Suppose 0 = -f + 2, 0 = -5*y - 0*f + 4*f + 637. Calculate the highest common divisor of y and 5332.
43
Let o(k) = -k**3 + 7*k**2 - 36*k + 20. Let s be o(-9). Calculate the greatest common factor of s and 3485.
205
Suppose 0 = -11*c + 16*c. Suppose -3*t - 2 = 5*y - 33, 2*t - y + 1 = c. Calculate the highest common factor of 5 and t.
1
Let z be 7 + 1 + 346 + -214. Calculate the greatest common factor of z and 1288.
28
Let o = 100 - -1300. Suppose -11*r + 1416 = -o. Calculate the highest common divisor of 16 and r.
16
Let z be (79 + -82 - (9 + -2))*(-985 + -3). Calculate the greatest common divisor of z and 1064.
152
Let o be (-5)/((-140)/24)*168. Suppose 52*l - 54*l + o = 0. What is the highest common factor of 54 and l?
18
Let q(c) = 3*c**2 + 22*c - 11. Let s be q(-8). Let g = 6 - 1. Suppose 65 = g*t - 5*